n base 16?
1464
What is -200323 (base 5) in base 15?
-1d28
3d0a (base 14) to base 3
112210122
What is -151 (base 12) in base 2?
-11001101
13645 (base 9) to base 15
2b35
Convert -11750 (base 8) to base 7.
-20600
-2794 (base 11) to base 8
-7034
What is -11011 (base 3) in base 9?
-134
Convert 203232 (base 4) to base 14.
b94
3840b (base 12) to base 6
1350415
What is -432 (base 10) in base 8?
-660
Convert -335 (base 15) to base 14.
-39b
Convert 52013 (base 6) to base 13.
31c5
ee6 (base 15) to base 6
23330
-964 (base 10) to base 15
-444
Convert -b22 (base 12) to base 16.
-64a
What is 1ab (base 14) in base 16?
15b
What is -1000 (base 2) in base 13?
-8
What is 1557 (base 11) in base 10?
1998
Convert bc (base 16) to base 2.
10111100
What is 1d1 (base 14) in base 11?
315
Convert -12c (base 16) to base 6.
-1220
What is -1000000101100 (base 2) in base 10?
-4140
Convert 1011131 (base 4) to base 8.
10535
What is 1111111 (base 2) in base 5?
1002
11010000111 (base 2) to base 5
23141
13199 (base 16) to base 9
128275
What is -2754 (base 11) in base 5?
-103233
Convert -3574 (base 12) to base 15.
-1b97
2002221 (base 3) to base 5
22122
-10110000100 (base 2) to base 11
-1074
What is 11b (base 14) in base 16?
dd
-1013003 (base 4) to base 12
-276b
Convert 477 (base 8) to base 10.
319
-4213 (base 5) to base 9
-680
220a (base 13) to base 7
16553
What is -221000 (base 4) in base 15?
-b9e
What is 599 (base 14) in base 12?
78b
b81a (base 13) to base 12
12946
-1459 (base 11) to base 4
-131113
-4041 (base 5) to base 15
-24b
Convert 42c (base 14) to base 8.
1470
Convert -100604 (base 7) to base 14.
-633b
-6358 (base 11) to base 8
-20334
-4242 (base 5) to base 15
-282
What is -1040 (base 5) in base 16?
-91
-856 (base 11) to base 10
-1029
859 (base 12) to base 11
a10
Convert 100022102 (base 3) to base 14.
268c
-46 (base 11) to base 8
-62
Convert 1c43 (base 16) to base 12.
422b
5291 (base 10) to base 13
2540
What is 1232 (base 9) in base 12?
648
What is 3162 (base 12) in base 5?
133102
-93 (base 11) to base 7
-204
-4203 (base 6) to base 11
-784
Convert 2981 (base 10) to base 15.
d3b
What is 530 (base 14) in base 6?
4422
What is -3074 (base 10) in base 6?
-22122
Convert -1011001000 (base 2) to base 6.
-3144
-10011221 (base 3) to base 7
-6523
Convert 1110101000011 (base 2) to base 5.
214431
4226 (base 8) to base 16
896
What is 41104 (base 5) in base 12?
1652
What is 42034 (base 5) in base 13?
1350
What is 11550 (base 6) in base 14?
8b0
What is -15725 (base 8) in base 6?
-52553
ec3 (base 15) to base 2
110100000101
What is 22308 (base 11) in base 10?
32315
Convert 201001020 (base 3) to base 9.
21036
Convert 122320 (base 4) to base 14.
8ac
Convert -30756 (base 9) to base 10.
-20301
Convert 9b54 (base 14) to base 11.
19259
Convert 31a4 (base 12) to base 3.
21110221
What is 1bd3 (base 16) in base 7?
26524
What is -230444 (base 5) in base 8?
-20071
2453 (base 6) to base 16
261
What is 1424b (base 12) in base 14?
a2b9
Convert -108 (base 10) to base 2.
-1101100
Convert -1211100 (base 3) to base 4.
-110310
626 (base 12) to base 9
1203
254444 (base 7) to base 14
132cb
Convert -14323 (base 6) to base 2.
-100011101011
Convert -110011100 (base 2) to base 13.
-259
Convert -110101101111010 (base 2) to base 10.
-27514
What is 2351 (base 6) in base 10?
571
3318 (base 11) to base 10
4375
Convert 5831 (base 10) to base 16.
16c7
Convert -11254 (base 7) to base 12.
-1801
What is -300aa (base 11) in base 7?
-242256
-2356 (base 7) to base 4
-31222
What is 10 (base 4) in base 11?
4
Convert -534 (base 14) to base 12.
-716
What is 526 (base 11) in base 7?
1563
What is -271 (base 11) in base 3?
-102212
What is 32a (base 12) in base 3?
122021
What is 1e6 (base 16) in base 13?
2b5
Convert 2021020211 (base 3) to base 6.
542421
-13947 (base 11) to base 4
-10310332
What is 121111000 (base 3) in base 15?
3860
Convert 1777 (base 9) to base 8.
2526
-1cc (base 15) to base 6
-1533
1110012 (base 4) to base 3
21101100
What is 27b (base 13) in base 12?
308
Convert 20087 (base 13) to base 15.
11e58
1218 (base 10) to base 2
10011000010
-2999 (base 10) to base 6
-21515
Convert -1ddd (base 14) to base 15.
-195c
-2711 (base 11) to base 3
-11211102
-1334 (base 10) to base 16
-536
4154 (base 6) to base 12
65a
Convert -1566 (base 7) to base 2.
-1001111100
f96 (base 16) to base 4
332112
Convert 2e32 (base 15) to base 14.
38a7
-71733 (base 8) to base 10
-29659
Convert -3969 (base 16) to base 13.
-68c7
-378 (base 9) to base 4
-10322
10f (base 16) to base 8
417
-937b (base 13) to base 3
-1000221220
What is -14308 (base 9) in base 13?
-4574
-112004 (base 5) to base 7
-14450
Convert 10fb (base 16) to base 14.
1827
144303 (base 5) to base 8
14073
c9 (base 15) to base 10
189
What is -2002 (base 4) in base 14?
-94
Convert 1001011 (base 3) to base 16.
2f8
What is 20c (base 16) in base 13?
314
b15 (base 13) to base 11
1457
What is -a415 (base 11) in base 4?
-3113302
Convert 11100101001111 (base 2) to base 13.
68a7
Convert 21112 (base 5) to base 14.
727
-20c (base 16) to base 6
-2232
Convert -7341 (base 12) to base 3.
-122020211
-e682 (base 16) to base 4
-32122002
Convert 46c (base 16) to base 15.
507
19849 (base 10) to base 13
905b
-261 (base 12) to base 4
-11221
Convert -3744 (base 10) to base 6.
-25200
Convert 2310 (base 6) to base 10.
546
What is -20211 (base 3) in base 13?
-112
What is -1b65 (base 13) in base 16?
-102b
Convert -123 (base 6) to base 7.
-102
Convert 2a2 (base 13) to base 2.
111010110
233 (base 4) to base 6
115
Convert 122000 (base 3) to base 2.
111001011
What is 60127 (base 8) in base 9?
36743
What is 2932 (base 10) in base 9?
4017
What is -1005 (base 10) in base 2?
-1111101101
341 (base 7) to base 16
b0
-2b9d (base 16) to base 7
-44360
What is -2210 (base 9) in base 16?
-65d
What is 231440 (base 5) in base 13?
3a6b
Convert b671 (base 14) to base 4.
13223203
32448 (base 9) to base 12
10545
Convert -9412 (base 11) to base 5.
-344401
What is d2c1 (base 16) in base 14?
1593b
206 (base 12) to base 3
101220
Convert 2444 (base 7) to base 2.
1110010010
Convert 213 (base 15) to base 11.
396
Convert -101111111110 (base 2) to base 9.
-4181
Convert 853 (base 9) to base 8.
1270
4143 (base 5) to base 14
2b2
What is -2001112 (base 3) in base 15?
-69e
What is 10135 (base 8) in base 13?
1ba3
-14055 (base 9) to base 14
-3687
102102210 (base 3) to base 14
3077
29920 (base 10) to base 15
8cea
What is 576 (base 11) in base 10?
688
What is -12c (base 16) in base 13?
-1a1
Convert -302101 (base 4) to base 2.
-110010010001
Convert 1228 (base 16) to base 6.
33304
-2462 (base 9) to base 13
-ab5
What is -1121222200 (base 3) in base 2?
-111110101000011
What is 8e5 (base 15) in base 3?
2202122
What is -1642 (base 10) in base 12?
-b4a
Convert 56 (base 9) to base 13.
3c
Convert -27c (base 15) to base 12.
-3b3
Convert 105150 (base 6) to base 5.
241142
-a7 (base 14) to base 5
-1042
10020212 (base 3) to base 12
1458
What is 1db (base 14) in base 16?
185
100001001100 (base 2) to base 13
c75
-3512 (base 6) to base 7
-2303
Convert -96e5 (base 16) to base 8.
-113345
-321 (base 12) to base 9
-557
What is -141532 (base 7) in base 13?
-c3b8
Convert -101001011110 (base 2) to base 3.
-10122022
What is -4ea (base 16) in base 15?
-58d
Convert -200110 (base 4) to base 13.
-c31
21a (base 13) to base 12
261
What is 3495 (base 15) in base 9?
16275
-1332 (base 7) to base 2
-1000000001
-1402 (base 9) to base 4
-100133
20010001 (base 3) to base 9
6101
Convert -19a81 (base 12) to base 5.
-2202300
2147 (base 8) to base 9
1482
Convert -111011001001100 (base 2) to base 10.
-30284
Convert 313 (base 9) to base 11.
212
227e (base 16) to base 9
13101
What is -12571 (base 9) in base 10?
-8488
331 (base 6) to base 9
151
59 (base 11) to base 16
40
Convert -361 (base 16) to base 7.
-2344
21d (base 16) to base 11
452
Convert -48726 (base 10) to base 12.
-24246
-101111 (base 3) to base 11
-238
What is -1323 (base 5) in base 2?
-11010101
664 (base 11) to base 8
1434
What is -122330 (base 5) in base 15?
-15e5
What is -363b (base 14) in base 8?
-22365
What is 2302101 (base 4) in base 11?
8632
What is -422 (base 16) in base 4?
-100202
Convert -4628 (base 11) to base 13.
-29c9
156c (base 13) to base 7
12063
What is 110000101101 (base 2) in base 12?
1979
Convert -2910 (base 11) to bas